{"id":5,"date":"2020-01-13T11:17:52","date_gmt":"2020-01-13T11:17:52","guid":{"rendered":"https:\/\/demosites.io\/web-agency-gb\/?page_id=5"},"modified":"2022-05-13T10:25:18","modified_gmt":"2022-05-13T10:25:18","slug":"15c42-web-agency-gb-home","status":"publish","type":"page","link":"https:\/\/agrobofood.inesctec.pt\/","title":{"rendered":"In\u00edcio"},"content":{"rendered":"\n<div class=\"wp-block-cover alignfull\" style=\"min-height:651px;aspect-ratio:unset;\"><span aria-hidden=\"true\" class=\"has-neve-text-color-background-color has-background-dim-80 wp-block-cover__gradient-background has-background-dim\"><\/span><img loading=\"lazy\" decoding=\"async\" width=\"2560\" height=\"1920\" class=\"wp-block-cover__image-background wp-image-360\" alt=\"\" src=\"https:\/\/agrobofood.inesctec.pt\/wp-content\/uploads\/2022\/04\/IMG_3140-scaled.jpg\" style=\"object-position:53% 95%\" data-object-fit=\"cover\" data-object-position=\"53% 95%\" srcset=\"https:\/\/agrobofood.inesctec.pt\/wp-content\/uploads\/2022\/04\/IMG_3140-scaled.jpg 2560w, https:\/\/agrobofood.inesctec.pt\/wp-content\/uploads\/2022\/04\/IMG_3140-300x225.jpg 300w, https:\/\/agrobofood.inesctec.pt\/wp-content\/uploads\/2022\/04\/IMG_3140-768x576.jpg 768w, https:\/\/agrobofood.inesctec.pt\/wp-content\/uploads\/2022\/04\/IMG_3140-1536x1152.jpg 1536w, https:\/\/agrobofood.inesctec.pt\/wp-content\/uploads\/2022\/04\/IMG_3140-2048x1536.jpg 2048w\" sizes=\"(max-width: 2560px) 100vw, 2560px\" \/><div class=\"wp-block-cover__inner-container is-layout-flow wp-block-cover-is-layout-flow\">\n<div style=\"height:80px\" aria-hidden=\"true\" class=\"wp-block-spacer\"><\/div>\n\n\n\n<h1 class=\"has-text-align-center wp-block-heading\">Polo de Inova\u00e7\u00e3o Digital (<em>Digital Innovation Hub<\/em>) do agROBOfood <em>powered<\/em> by INESC TEC para Rob\u00f3tica\/Automa\u00e7\u00e3o e IoT para Agricultura e Floresta de Precis\u00e3o Inteligente<\/h1>\n\n\n\n<p class=\"has-text-align-center\" style=\"font-size:17px\"><strong>Os P\u00f3los de Inova\u00e7\u00e3o Digital <em>Digital&nbsp;Innovation&nbsp;Hubs&nbsp;<\/em>(DIH) s\u00e3o espa\u00e7os que visam ajudar pequenas e m\u00e9dias empresas (PME) e a Administra\u00e7\u00e3o P\u00fablica (AP) na ado\u00e7\u00e3o do digital,&nbsp;prestando cinco servi\u00e7os nucleares:<\/strong>&nbsp;<\/p>\n\n\n\n<div class=\"wp-block-buttons is-horizontal is-content-justification-center is-layout-flex wp-container-core-buttons-is-layout-1 wp-block-buttons-is-layout-flex\">\n<div class=\"wp-block-button is-style-primary\"><a class=\"wp-block-button__link\" href=\"https:\/\/agrobofood.inesctec.pt\/web-agency-gb-about-us\/\">Testar antes de Investir<\/a><\/div>\n\n\n\n<div class=\"wp-block-button is-style-primary\"><a class=\"wp-block-button__link\" href=\"https:\/\/agrobofood.inesctec.pt\/web-agency-gb-contact-us\/\">Capacitar e Formar<\/a><\/div>\n\n\n\n<div class=\"wp-block-button is-style-primary\"><a class=\"wp-block-button__link\" href=\"https:\/\/agrobofood.inesctec.pt\/web-agency-gb-contact-us\/\">Ajudar na procura de financiamento<\/a><\/div>\n\n\n\n<div class=\"wp-block-button is-style-primary\"><a class=\"wp-block-button__link\"><strong>Intermediar e Servi\u00e7os de Facilita\u00e7\u00e3o<\/strong> <\/a><\/div>\n<\/div>\n\n\n\n<div style=\"height:43px\" aria-hidden=\"true\" class=\"wp-block-spacer\"><\/div>\n\n\n\n<p class=\"has-text-align-center\"><strong>Este polo de inova\u00e7\u00e3o digital faz parte da rede europeia de centros de compet\u00eancias e polos de inova\u00e7\u00e3o digital do setor agro-florestal agROBOfood<\/strong><\/p>\n\n\n\n<div class=\"wp-block-buttons is-content-justification-center is-layout-flex wp-container-core-buttons-is-layout-2 wp-block-buttons-is-layout-flex\">\n<div class=\"wp-block-button is-style-primary\"><a class=\"wp-block-button__link\" href=\"https:\/\/agrobofood.eu\/\">agROBOfood website<\/a><\/div>\n<\/div>\n\n\n\n<div style=\"height:29px\" aria-hidden=\"true\" class=\"wp-block-spacer\"><\/div>\n<\/div><\/div>\n\n\n\n<div style=\"height:80px\" aria-hidden=\"true\" class=\"wp-block-spacer\"><\/div>\n\n\n\n<h2 class=\"has-text-align-center wp-block-heading\">(Rede) Diret\u00f3rio de empresas e institui\u00e7\u00f5es <\/h2>\n\n\n\n<div class=\"wp-block-buttons is-content-justification-center is-layout-flex wp-container-core-buttons-is-layout-3 wp-block-buttons-is-layout-flex\">\n<div class=\"wp-block-button is-style-primary\"><a class=\"wp-block-button__link\" href=\"https:\/\/agrobofood.inesctec.pt\/?page_id=407&amp;topic=UT\"><strong>Empresas Agr\u00edcolas<\/strong> (Utilizadores finais da tecnologia)<\/a><\/div>\n\n\n\n<div class=\"wp-block-button is-style-primary\"><a class=\"wp-block-button__link\" href=\"https:\/\/agrobofood.inesctec.pt\/?page_id=407&amp;topic=PS\"><strong>Prestadores de Servi\u00e7os<\/strong><\/a><\/div>\n\n\n\n<div class=\"wp-block-button is-style-primary\"><a class=\"wp-block-button__link\" href=\"https:\/\/agrobofood.inesctec.pt\/?page_id=407&amp;topic=TT\"><strong>Empresas Tecnol\u00f3gicas (Tomadores de tecnologia)<\/strong><\/a><\/div>\n\n\n\n<div class=\"wp-block-button is-style-primary\"><a class=\"wp-block-button__link\" href=\"https:\/\/agrobofood.inesctec.pt\/?page_id=407&amp;topic=EN\"><strong>Entidades N\u00e3o Empresariais do Sistema de Investiga\u00e7\u00e3o e Inova\u00e7\u00e3o (ENESII)<\/strong><\/a><\/div>\n\n\n\n<div class=\"wp-block-button is-style-primary\"><a class=\"wp-block-button__link\" href=\"https:\/\/agrobofood.inesctec.pt\/?page_id=407&amp;topic=VC\">Capitais de Riscos e<em> Business Angels<\/em><\/a><\/div>\n<\/div>\n\n\n\n<div style=\"height:100px\" aria-hidden=\"true\" class=\"wp-block-spacer\"><\/div>\n\n\n\n<h2 class=\"has-text-align-center wp-block-heading\">Diret\u00f3rio de necessidades (curto prazo) &amp; desejos (m\u00e9dio-longo prazo), solu\u00e7\u00f5es tecnol\u00f3gicas e mini-cursos<\/h2>\n\n\n\n<div class=\"wp-block-buttons is-content-justification-center is-layout-flex wp-container-core-buttons-is-layout-4 wp-block-buttons-is-layout-flex\">\n<div class=\"wp-block-button is-style-secondary\"><a class=\"wp-block-button__link\" href=\"https:\/\/agrobofood.inesctec.pt\/?page_id=407&amp;topic=NE\">Necessidades (curto prazo)&nbsp;<\/a><\/div>\n\n\n\n<div class=\"wp-block-button is-style-secondary\"><a class=\"wp-block-button__link\" href=\"https:\/\/agrobofood.inesctec.pt\/?page_id=407&amp;topic=DJ\">Desejos (m\u00e9dio-longo prazo)<\/a><\/div>\n\n\n\n<div class=\"wp-block-button is-style-secondary\"><a class=\"wp-block-button__link\" href=\"https:\/\/agrobofood.inesctec.pt\/?page_id=407&amp;topic=ST\"><strong>Solu\u00e7\u00f5es tecnol\u00f3gicas<\/strong><\/a><\/div>\n\n\n\n<div class=\"wp-block-button is-style-secondary\"><a class=\"wp-block-button__link\" href=\"https:\/\/agrobofood.inesctec.pt\/?page_id=407&amp;topic=MC\">Mini-cursos<\/a><\/div>\n\n\n\n<div class=\"wp-block-button is-style-secondary\"><a class=\"wp-block-button__link\" href=\"https:\/\/agrobofood.inesctec.pt\/?page_id=407&amp;topic=UN\">\u00daltimas novidades<\/a><\/div>\n<\/div>\n\n\n\n<div style=\"height:121px\" aria-hidden=\"true\" class=\"wp-block-spacer\"><\/div>\n\n\n\n<div class=\"wp-block-cover alignfull\" style=\"min-height:300px;aspect-ratio:unset;\"><span aria-hidden=\"true\" class=\"has-nv-dark-bg-background-color has-background-dim-100 wp-block-cover__gradient-background has-background-dim\"><\/span><div class=\"wp-block-cover__inner-container is-layout-flow wp-block-cover-is-layout-flow\">\n<div style=\"height:140px\" aria-hidden=\"true\" class=\"wp-block-spacer\"><\/div>\n\n\n\n<h2 class=\"has-text-align-center has-nv-text-dark-bg-color has-text-color wp-block-heading\">Junte-se como associado deste polo de inova\u00e7\u00e3o digital<\/h2>\n\n\n\n<p class=\"has-text-align-center\">Se \u00e9 uma empresa agr\u00edcola ou um prestador de servi\u00e7os que tem uma necessidade ou desejo&#8230;<\/p>\n\n\n\n<p class=\"has-text-align-center\">Se \u00e9 uma empresa que desenvolve tecnologia junte-se&#8230;<\/p>\n\n\n\n<p class=\"has-text-align-center\"><\/p>\n\n\n\n<div class=\"wp-block-buttons is-horizontal is-content-justification-center is-layout-flex wp-container-core-buttons-is-layout-5 wp-block-buttons-is-layout-flex\">\n<div class=\"wp-block-button is-style-primary\"><a class=\"wp-block-button__link\" href=\"https:\/\/agrobofood.inesctec.pt\/web-agency-gb-contact-us\/\">Saiba mais aqui<\/a><\/div>\n<\/div>\n\n\n\n<div style=\"height:140px\" aria-hidden=\"true\" class=\"wp-block-spacer\"><\/div>\n<\/div><\/div>\n","protected":false},"excerpt":{"rendered":"<p>(Rede) Diret\u00f3rio de empresas e institui\u00e7\u00f5es Diret\u00f3rio de necessidades (curto prazo) &amp; desejos (m\u00e9dio-longo prazo), solu\u00e7\u00f5es tecnol\u00f3gicas e mini-cursos<\/p>\n","protected":false},"author":1,"featured_media":0,"parent":0,"menu_order":0,"comment_status":"closed","ping_status":"closed","template":"","meta":{"neve_meta_sidebar":"default","neve_meta_container":"default","neve_meta_enable_content_width":"on","neve_meta_content_width":100,"neve_meta_title_alignment":"center","neve_meta_author_avatar":"","neve_post_elements_order":"","neve_meta_disable_header":"","neve_meta_disable_footer":"","neve_meta_disable_title":"on","footnotes":""},"class_list":["post-5","page","type-page","status-publish","hentry"],"_links":{"self":[{"href":"https:\/\/agrobofood.inesctec.pt\/index.php?rest_route=\/wp\/v2\/pages\/5"}],"collection":[{"href":"https:\/\/agrobofood.inesctec.pt\/index.php?rest_route=\/wp\/v2\/pages"}],"about":[{"href":"https:\/\/agrobofood.inesctec.pt\/index.php?rest_route=\/wp\/v2\/types\/page"}],"author":[{"embeddable":true,"href":"https:\/\/agrobofood.inesctec.pt\/index.php?rest_route=\/wp\/v2\/users\/1"}],"replies":[{"embeddable":true,"href":"https:\/\/agrobofood.inesctec.pt\/index.php?rest_route=%2Fwp%2Fv2%2Fcomments&post=5"}],"version-history":[{"count":24,"href":"https:\/\/agrobofood.inesctec.pt\/index.php?rest_route=\/wp\/v2\/pages\/5\/revisions"}],"predecessor-version":[{"id":421,"href":"https:\/\/agrobofood.inesctec.pt\/index.php?rest_route=\/wp\/v2\/pages\/5\/revisions\/421"}],"wp:attachment":[{"href":"https:\/\/agrobofood.inesctec.pt\/index.php?rest_route=%2Fwp%2Fv2%2Fmedia&parent=5"}],"curies":[{"name":"wp","href":"https:\/\/api.w.org\/{rel}","templated":true}]}}